ns digit of 731?
3
What is the thousands digit of 51580?
1
What is the thousands digit of 69911?
9
What is the hundreds digit of 1691?
6
What is the hundreds digit of 2392?
3
What is the hundreds digit of 362?
3
What is the hundreds digit of 5855?
8
What is the thousands digit of 5193?
5
What is the tens digit of 13447?
4
What is the thousands digit of 3644?
3
What is the units digit of 79813?
3
What is the thousands digit of 2347?
2
What is the tens digit of 1015?
1
What is the thousands digit of 1399?
1
What is the hundreds digit of 1235?
2
What is the hundreds digit of 787?
7
What is the tens digit of 55?
5
What is the hundreds digit of 8267?
2
What is the tens digit of 152?
5
What is the tens digit of 3471?
7
What is the tens digit of 14252?
5
What is the units digit of 6831?
1
What is the thousands digit of 31680?
1
What is the units digit of 738?
8
What is the hundreds digit of 20228?
2
What is the ten thousands digit of 115056?
1
What is the thousands digit of 12683?
2
What is the thousands digit of 1430?
1
What is the tens digit of 839?
3
What is the hundreds digit of 24702?
7
What is the hundreds digit of 8539?
5
What is the thousands digit of 5160?
5
What is the hundreds digit of 2530?
5
What is the ten thousands digit of 29374?
2
What is the units digit of 24600?
0
What is the tens digit of 19764?
6
What is the units digit of 13097?
7
What is the units digit of 16758?
8
What is the tens digit of 1657?
5
What is the tens digit of 932?
3
What is the units digit of 7377?
7
What is the tens digit of 2535?
3
What is the thousands digit of 62225?
2
What is the units digit of 2145?
5
What is the hundreds digit of 37391?
3
What is the hundreds digit of 3346?
3
What is the hundreds digit of 8959?
9
What is the hundreds digit of 71523?
5
What is the thousands digit of 61997?
1
What is the hundreds digit of 14490?
4
What is the thousands digit of 21361?
1
What is the thousands digit of 1154?
1
What is the thousands digit of 3125?
3
What is the hundreds digit of 4630?
6
What is the units digit of 11787?
7
What is the units digit of 2620?
0
What is the hundreds digit of 1905?
9
What is the tens digit of 1192?
9
What is the units digit of 341?
1
What is the ten thousands digit of 30598?
3
What is the hundreds digit of 92102?
1
What is the hundreds digit of 13588?
5
What is the tens digit of 53190?
9
What is the thousands digit of 34022?
4
What is the hundreds digit of 1105?
1
What is the thousands digit of 41191?
1
What is the units digit of 1157?
7
What is the hundreds digit of 853?
8
What is the hundreds digit of 92143?
1
What is the hundreds digit of 241?
2
What is the tens digit of 687?
8
What is the ten thousands digit of 110666?
1
What is the units digit of 34266?
6
What is the tens digit of 363?
6
What is the hundreds digit of 1555?
5
What is the units digit of 2858?
8
What is the units digit of 1903?
3
What is the units digit of 214?
4
What is the ten thousands digit of 36032?
3
What is the units digit of 754?
4
What is the thousands digit of 75053?
5
What is the tens digit of 205?
0
What is the units digit of 578?
8
What is the hundreds digit of 91825?
8
What is the tens digit of 93?
9
What is the units digit of 4090?
0
What is the thousands digit of 1096?
1
What is the units digit of 1590?
0
What is the thousands digit of 14477?
4
What is the tens digit of 2940?
4
What is the tens digit of 48852?
5
What is the tens digit of 6048?
4
What is the ten thousands digit of 18653?
1
What is the thousands digit of 3712?
3
What is the hundreds digit of 62329?
3
What is the ten thousands digit of 77419?
7
What is the units digit of 7544?
4
What is the units digit of 620?
0
What is the tens digit of 19717?
1
What is the units digit of 25668?
8
What is the ten thousands digit of 10192?
1
What is the ten thousands digit of 18486?
1
What is the hundreds digit of 16251?
2
What is the tens digit of 137667?
6
What is the thousands digit of 22958?
2
What is the units digit of 4571?
1
What is the units digit of 1822?
2
What is the hundreds digit of 180?
1
What is the thousands digit of 99785?
9
What is the units digit of 3682?
2
What is the thousands digit of 15113?
5
What is the hundreds digit of 701?
7
What is the hundreds digit of 5612?
6
What is the units digit of 8680?
0
What is the ten thousands digit of 19305?
1
What is the thousands digit of 1670?
1
What is the tens digit of 3788?
8
What is the ten thousands digit of 26246?
2
What is the hundreds digit of 32176?
1
What is the tens digit of 32076?
7
What is the units digit of 184?
4
What is the units digit of 3240?
0
What is the thousands digit of 2883?
2
What is the units digit of 4971?
1
What is the ten thousands digit of 16133?
1
What is the hundreds digit of 225?
2
What is the thousands digit of 109225?
9
What is the tens digit of 133?
3
What is the hundreds digit of 34375?
3
What is the tens digit of 34906?
0
What is the ten thousands digit of 48955?
4
What is the units digit of 2012?
2
What is the thousands digit of 25769?
5
What is the tens digit of 385?
8
What is the units digit of 76332?
2
What is the units digit of 40006?
6
What is the thousands digit of 2637?
2
What is the tens digit of 122?
2
What is the hundreds digit of 1053?
0
What is the units digit of 754?
4
What is the units digit of 1595?
5
What is the tens digit of 7564?
6
What is the ten thousands digit of 10082?
1
What is the hundreds digit of 309?
3
What is the tens digit of 1712?
1
What is the thousands digit of 68869?
8
What is the hundreds digit of 854?
8
What is the tens digit of 79624?
2
What is the units digit of 383?
3
What is the tens digit of 3817?
1
What is the tens digit of 223?
2
What is the hundreds digit of 15881?
8
What is the hundreds digit of 14975?
9
What is the thousands digit of 4927?
4
What is the hundreds digit of 7856?
8
What is the tens digit of 11426?
2
What is the ten thousands digit of 54612?
5
What is the hundreds digit of 18158?
1
What is the thousands digit of 20340?
0
What is the tens digit of 1015?
1
What is the tens digit of 1045?
4
What is the tens digit of 24759?
5
What is the hundreds digit of 8058?
0
What is the hundreds digit of 1719?
7
What is the units digit of 47202?
2
What is the tens digit of 13633?
3
What is the tens digit of 71675?
7
What is the tens digit of 930?
3
What is the units digit of 854?
4
What is the hundreds digit of 5130?
1
What is the thousands digit of 1048?
1
What is the tens digit of 8444?
4
What is the thousands digit of 1595?
1
What is the units digit of 137356?
6
What is the units digit of 4926?
6
What is the tens digit of 1097?
9
What is the hundreds digit of 17198?
1
What is the tens digit of 590?
9
What is the thousands digit of 7361?
7
What is the hundreds digit of 8446?
4
What is the thousands digit of 2846?
2
What is the ten thousands digit of 12310?
1
What is the thousands digit of 42774?
2
What is the units digit of 3691?
1
What is the units digit of 6980?
0
What is the thousands digit of 1811?
1
What is the tens digit of 12563?
6
What is the tens digit of 303?
0
What is the thousands digit of 18185?
8
What is the tens digit of 157879?
7
What is the hundreds digit of 5714?
7
What is the units digit of 453?
3
What is the units digit of 965?
5
What is the thousands digit of 2727?
2
What is the tens digit of 46964?
6
What is the hundreds digit of 774?
7
What is the thousands digit of 2066?
2
What is the thousands digit of 17827?
7
What is the ten thousands digit of 29354?
2
What is the units digit of 45751?
1
What is the units digit of 1678?
8
What is the hundreds digit of 28970?
9
What is the hundreds digit of 16138?
1
What is the units digit of 7858?
8
What is the units digit of 2913?
3
What is the hundreds digit of 59484?
4
What is the tens digit of 8732?
3
What is the tens digit of 817?
1
What is the units digit of 15041?
1
What is the ten thousands digit of 13885?
1
What is the tens digit of 830?
3
What is the units digit of 104016?
6
What is the units digit of 1804?
4
What is the thousands digit of 8409?
8
What is the units digit of 898?
8
What is the ten thousands digit of 37536?
3
What is the tens digit of 8413?
1
What is the hundreds digit of 24162?
1
What is the tens digit of 1005?
0
What is the units digit of 21796?
6
What is the thousands di